{"id":840,"date":"2026-01-23T12:28:18","date_gmt":"2026-01-23T11:28:18","guid":{"rendered":"https:\/\/ematlyformation.fr\/?page_id=840"},"modified":"2026-01-23T12:35:40","modified_gmt":"2026-01-23T11:35:40","slug":"elementor-840","status":"publish","type":"page","link":"https:\/\/ematlyformation.fr\/index.php\/elementor-840\/","title":{"rendered":"HYGIENE EN RESTAURATION COMMERCIALE"},"content":{"rendered":"\t\t<div data-elementor-type=\"wp-page\" data-elementor-id=\"840\" class=\"elementor elementor-840\">\n\t\t\t\t<div class=\"elementor-element elementor-element-0007ed3 e-flex e-con-boxed e-con e-parent\" data-id=\"0007ed3\" data-element_type=\"container\">\n\t\t\t\t\t<div class=\"e-con-inner\">\n\t\t\t\t<div class=\"elementor-element elementor-element-5727dab elementor-widget elementor-widget-heading\" data-id=\"5727dab\" data-element_type=\"widget\" data-widget_type=\"heading.default\">\n\t\t\t\t<div class=\"elementor-widget-container\">\n\t\t\t\t\t<h2 class=\"elementor-heading-title elementor-size-default\">FORMATION EN HYGI\u00c8NE ALIMENTAIRE EN  RESTAURATION COMMERCIALE<br>Dur\u00e9e 14h dont 4h en pr\u00e9sentiel minimum<\/h2>\t\t\t\t<\/div>\n\t\t\t\t<\/div>\n\t\t\t\t<div class=\"elementor-element elementor-element-047c5a5 elementor-widget elementor-widget-text-editor\" data-id=\"047c5a5\" data-element_type=\"widget\" data-widget_type=\"text-editor.default\">\n\t\t\t\t<div class=\"elementor-widget-container\">\n\t\t\t\t\t\t\t\t\t<p><strong>OBJECTIF:<\/strong><\/p><p>Cette formation doit permettre aux salari\u00e9s concern\u00e9s d\u2019acqu\u00e9rir les capacit\u00e9s n\u00e9cessaires pour\u00a0<strong>organiser et g\u00e9rer leurs activit\u00e9s dans des conditions d\u2019hygi\u00e8ne conformes \u00e0 la r\u00e9glementation et satisfaisantes pour la client\u00e8le<\/strong>. \u2028La formation est adapt\u00e9e \u00e0 l\u2019activit\u00e9 du restaurant.\u2028<\/p><p><strong>PROGRAMME<\/strong><\/p><p>1. Identifier les grands principes de la r\u00e9glementation en relation avec la restauration commerciale :<\/p><p>&#8211; identifier et r\u00e9partir les responsabilit\u00e9s des op\u00e9rateurs ;<br \/>&#8211; conna\u00eetre les obligations de r\u00e9sultat (quelques obligations de moyen) ;<br \/>&#8211; conna\u00eetre le contenu du plan de ma\u00eetrise sanitaire ;<br \/>&#8211; conna\u00eetre le paquet hygi\u00e8ne ;<br \/>&#8211; conna\u00eetre la n\u00e9cessit\u00e9 des autocontr\u00f4les et de leur organisation ;<\/p><p>2. Mettre en \u0153uvre les principes de l&rsquo;hygi\u00e8ne en restauration commerciale :<\/p><p>&#8211; utiliser le guide de bonnes pratiques d&rsquo;hygi\u00e8ne (GBPH) du secteur d&rsquo;activit\u00e9 ;<br \/>&#8211; organiser la production et le stockage des aliments dans les conditions d&rsquo;hygi\u00e8ne voulues ;<br \/>&#8211; mettre en place les mesures de pr\u00e9vention n\u00e9cessaires ;<br \/>&#8211; savoir identifier les d\u00e9viances et prendre les mesures correctives adapt\u00e9es.<\/p><p>C. &#8211; R\u00e9f\u00e9rentiel de formation, savoirs associ\u00e9s<\/p><p>1. Aliments et risques pour le consommateur :<br \/>1.1. Les diff\u00e9rents dangers :<\/p><p>&#8211; dangers chimiques (d\u00e9tergents, d\u00e9sinfectants, nitrates\u2026) ;<br \/>&#8211; dangers physiques (corps \u00e9trangers\u2026) ;<br \/>&#8211; dangers allerg\u00e8nes ;<br \/>&#8211; dangers biologiques ;<\/p><p>1.2. Les dangers biologiques, y compris parasites :<br \/>1.2.1. Microbiologie des aliments :<\/p><p>&#8211; le monde microbien (bact\u00e9ries, virus, levures et moisissures) ; leurs toxines le cas \u00e9ch\u00e9ant ;<br \/>&#8211; le classement en utiles et nuisibles ;<br \/>&#8211; les conditions de multiplication, de survie et de destruction des microorganismes ;<br \/>&#8211; la r\u00e9partition des micro-organismes dans les aliments ;<br \/>&#8211; Les autres dangers biologiques (parasites) ;<\/p><p>1.2.2. Les dangers microbiologiques dans l&rsquo;alimentation :<\/p><p>&#8211; les principaux pathog\u00e8nes d&rsquo;origine alimentaire ;<br \/>&#8211; les toxi-infections alimentaires collectives ;<br \/>&#8211; les associations pathog\u00e8nes\/aliments ;<\/p><p>1.3. Les mesures de ma\u00eetrise des dangers :<\/p><p>&#8211; la qualit\u00e9 de la mati\u00e8re premi\u00e8re ;<br \/>&#8211; les conditions de pr\u00e9paration ;<br \/>&#8211; la cha\u00eene du froid et la cha\u00eene du chaud ;<br \/>&#8211; la s\u00e9paration des activit\u00e9s dans l&rsquo;espace ou dans le temps ;<br \/>&#8211; l&rsquo;hygi\u00e8ne des manipulations ;<br \/>&#8211; les conditions de transport ;<br \/>&#8211; l&rsquo;entretien des locaux et du mat\u00e9riel (nettoyage et d\u00e9sinfection) ;<\/p><p>2. Les fondamentaux de la r\u00e9glementation communautaire et nationale (cibl\u00e9e restauration commerciale) :<br \/>2.1. Notions de d\u00e9claration, agr\u00e9ment, d\u00e9rogation \u00e0 l&rsquo;obligation d&rsquo;agr\u00e9ment. (cerfas 13984 et 13982) ;<br \/>2.2. L&rsquo;hygi\u00e8ne des denr\u00e9es alimentaires (r\u00e9glementation communautaire et nationale en vigueur) :<\/p><p>&#8211; principes de base du paquet hygi\u00e8ne ;<br \/>&#8211; la tra\u00e7abilit\u00e9 et la gestion des non-conformit\u00e9s ; dont l&rsquo;<a href=\"https:\/\/www.legifrance.gouv.fr\/affichCodeArticle.do?cidTexte=LEGITEXT000006071367&amp;idArticle=LEGIARTI000024390565&amp;dateTexte=&amp;categorieLien=cid\">article L. 201-7 du code rural et de la p\u00eache maritime<\/a>\u00a0;<br \/>&#8211; les bonnes pratiques d&rsquo;hygi\u00e8ne (BPH) et les proc\u00e9dures fond\u00e9es sur le Hazard Analysis Critical Control Point (HACCP) ;<\/p>\t\t\t\t\t\t\t\t<\/div>\n\t\t\t\t<\/div>\n\t\t<div class=\"elementor-element elementor-element-b1abf45 e-con-full e-flex e-con e-child\" data-id=\"b1abf45\" data-element_type=\"container\">\n\t\t\t\t<div class=\"elementor-element elementor-element-9a5404b elementor-widget elementor-widget-text-editor\" data-id=\"9a5404b\" data-element_type=\"widget\" data-widget_type=\"text-editor.default\">\n\t\t\t\t<div class=\"elementor-widget-container\">\n\t\t\t\t\t\t\t\t\t<p><strong>Remise en fin de formation d\u2019une attestation de formation stipulant la conformit\u00e9 \u00e0 l\u2019arr\u00eat\u00e9 du 12 f\u00e9vrier 2024<\/strong><\/p>\t\t\t\t\t\t\t\t<\/div>\n\t\t\t\t<\/div>\n\t\t\t\t<\/div>\n\t\t\t\t\t<\/div>\n\t\t\t\t<\/div>\n\t\t<div class=\"elementor-element elementor-element-9674a63 e-flex e-con-boxed e-con e-parent\" data-id=\"9674a63\" data-element_type=\"container\">\n\t\t\t\t\t<div class=\"e-con-inner\">\n\t\t\t\t\t<\/div>\n\t\t\t\t<\/div>\n\t\t\t\t<\/div>\n\t\t","protected":false},"excerpt":{"rendered":"<p>FORMATION EN HYGI\u00c8NE ALIMENTAIRE EN RESTAURATION COMMERCIALEDur\u00e9e 14h dont 4h en pr\u00e9sentiel minimum OBJECTIF: Cette formation doit permettre aux salari\u00e9s [&hellip;]<\/p>\n","protected":false},"author":1,"featured_media":0,"parent":0,"menu_order":0,"comment_status":"closed","ping_status":"closed","template":"","meta":{"site-sidebar-layout":"no-sidebar","site-content-layout":"","ast-site-content-layout":"full-width-container","site-content-style":"default","site-sidebar-style":"default","ast-global-header-display":"","ast-banner-title-visibility":"","ast-main-header-display":"","ast-hfb-above-header-display":"","ast-hfb-below-header-display":"","ast-hfb-mobile-header-display":"","site-post-title":"disabled","ast-breadcrumbs-content":"","ast-featured-img":"disabled","footer-sml-layout":"","theme-transparent-header-meta":"","adv-header-id-meta":"","stick-header-meta":"","header-above-stick-meta":"","header-main-stick-meta":"","header-below-stick-meta":"","astra-migrate-meta-layouts":"default","ast-page-background-enabled":"default","ast-page-background-meta":{"desktop":{"background-color":"var(--ast-global-color-4)","background-image":"","background-repeat":"repeat","background-position":"center center","background-size":"auto","background-attachment":"scroll","background-type":"","background-media":"","overlay-type":"","overlay-color":"","overlay-opacity":"","overlay-gradient":""},"tablet":{"background-color":"","background-image":"","background-repeat":"repeat","background-position":"center center","background-size":"auto","background-attachment":"scroll","background-type":"","background-media":"","overlay-type":"","overlay-color":"","overlay-opacity":"","overlay-gradient":""},"mobile":{"background-color":"","background-image":"","background-repeat":"repeat","background-position":"center center","background-size":"auto","background-attachment":"scroll","background-type":"","background-media":"","overlay-type":"","overlay-color":"","overlay-opacity":"","overlay-gradient":""}},"ast-content-background-meta":{"desktop":{"background-color":"var(--ast-global-color-5)","background-image":"","background-repeat":"repeat","background-position":"center center","background-size":"auto","background-attachment":"scroll","background-type":"","background-media":"","overlay-type":"","overlay-color":"","overlay-opacity":"","overlay-gradient":""},"tablet":{"background-color":"var(--ast-global-color-5)","background-image":"","background-repeat":"repeat","background-position":"center center","background-size":"auto","background-attachment":"scroll","background-type":"","background-media":"","overlay-type":"","overlay-color":"","overlay-opacity":"","overlay-gradient":""},"mobile":{"background-color":"var(--ast-global-color-5)","background-image":"","background-repeat":"repeat","background-position":"center center","background-size":"auto","background-attachment":"scroll","background-type":"","background-media":"","overlay-type":"","overlay-color":"","overlay-opacity":"","overlay-gradient":""}},"footnotes":""},"class_list":["post-840","page","type-page","status-publish","hentry"],"yoast_head":"<!-- This site is optimized with the Yoast SEO plugin v26.7 - https:\/\/yoast.com\/wordpress\/plugins\/seo\/ -->\n<title>HYGIENE EN RESTAURATION COMMERCIALE - EMATLY.FORMATION<\/title>\n<meta name=\"robots\" content=\"index, follow, max-snippet:-1, max-image-preview:large, max-video-preview:-1\" \/>\n<link rel=\"canonical\" href=\"https:\/\/ematlyformation.fr\/index.php\/elementor-840\/\" \/>\n<meta property=\"og:locale\" content=\"fr_FR\" \/>\n<meta property=\"og:type\" content=\"article\" \/>\n<meta property=\"og:title\" content=\"HYGIENE EN RESTAURATION COMMERCIALE - EMATLY.FORMATION\" \/>\n<meta property=\"og:description\" content=\"FORMATION EN HYGI\u00c8NE ALIMENTAIRE EN RESTAURATION COMMERCIALEDur\u00e9e 14h dont 4h en pr\u00e9sentiel minimum OBJECTIF: Cette formation doit permettre aux salari\u00e9s [&hellip;]\" \/>\n<meta property=\"og:url\" content=\"https:\/\/ematlyformation.fr\/index.php\/elementor-840\/\" \/>\n<meta property=\"og:site_name\" content=\"EMATLY.FORMATION\" \/>\n<meta property=\"article:publisher\" content=\"https:\/\/www.facebook.com\/profile.php?id=61555199862279&amp;locale=fr_FR\" \/>\n<meta property=\"article:modified_time\" content=\"2026-01-23T11:35:40+00:00\" \/>\n<meta name=\"twitter:card\" content=\"summary_large_image\" \/>\n<meta name=\"twitter:label1\" content=\"Dur\u00e9e de lecture estim\u00e9e\" \/>\n\t<meta name=\"twitter:data1\" content=\"3 minutes\" \/>\n<script type=\"application\/ld+json\" class=\"yoast-schema-graph\">{\"@context\":\"https:\/\/schema.org\",\"@graph\":[{\"@type\":\"WebPage\",\"@id\":\"https:\/\/ematlyformation.fr\/index.php\/elementor-840\/\",\"url\":\"https:\/\/ematlyformation.fr\/index.php\/elementor-840\/\",\"name\":\"HYGIENE EN RESTAURATION COMMERCIALE - EMATLY.FORMATION\",\"isPartOf\":{\"@id\":\"https:\/\/ematlyformation.fr\/#website\"},\"datePublished\":\"2026-01-23T11:28:18+00:00\",\"dateModified\":\"2026-01-23T11:35:40+00:00\",\"breadcrumb\":{\"@id\":\"https:\/\/ematlyformation.fr\/index.php\/elementor-840\/#breadcrumb\"},\"inLanguage\":\"fr-FR\",\"potentialAction\":[{\"@type\":\"ReadAction\",\"target\":[\"https:\/\/ematlyformation.fr\/index.php\/elementor-840\/\"]}]},{\"@type\":\"BreadcrumbList\",\"@id\":\"https:\/\/ematlyformation.fr\/index.php\/elementor-840\/#breadcrumb\",\"itemListElement\":[{\"@type\":\"ListItem\",\"position\":1,\"name\":\"Accueil\",\"item\":\"https:\/\/ematlyformation.fr\/\"},{\"@type\":\"ListItem\",\"position\":2,\"name\":\"HYGIENE EN RESTAURATION COMMERCIALE\"}]},{\"@type\":\"WebSite\",\"@id\":\"https:\/\/ematlyformation.fr\/#website\",\"url\":\"https:\/\/ematlyformation.fr\/\",\"name\":\"ematlyformation.fr\",\"description\":\"Formation CAP AEPE Petite Enfance et CQP Barmaid\/Barman\",\"publisher\":{\"@id\":\"https:\/\/ematlyformation.fr\/#organization\"},\"potentialAction\":[{\"@type\":\"SearchAction\",\"target\":{\"@type\":\"EntryPoint\",\"urlTemplate\":\"https:\/\/ematlyformation.fr\/?s={search_term_string}\"},\"query-input\":{\"@type\":\"PropertyValueSpecification\",\"valueRequired\":true,\"valueName\":\"search_term_string\"}}],\"inLanguage\":\"fr-FR\"},{\"@type\":\"Organization\",\"@id\":\"https:\/\/ematlyformation.fr\/#organization\",\"name\":\"ematlyformation.fr\",\"url\":\"https:\/\/ematlyformation.fr\/\",\"logo\":{\"@type\":\"ImageObject\",\"inLanguage\":\"fr-FR\",\"@id\":\"https:\/\/ematlyformation.fr\/#\/schema\/logo\/image\/\",\"url\":\"https:\/\/ematlyformation.fr\/wp-content\/uploads\/2024\/02\/LOGOCARRE.png\",\"contentUrl\":\"https:\/\/ematlyformation.fr\/wp-content\/uploads\/2024\/02\/LOGOCARRE.png\",\"width\":182,\"height\":183,\"caption\":\"ematlyformation.fr\"},\"image\":{\"@id\":\"https:\/\/ematlyformation.fr\/#\/schema\/logo\/image\/\"},\"sameAs\":[\"https:\/\/www.facebook.com\/profile.php?id=61555199862279&locale=fr_FR\",\"https:\/\/www.instagram.com\/ematly.formation\/\"]}]}<\/script>\n<!-- \/ Yoast SEO plugin. -->","yoast_head_json":{"title":"HYGIENE EN RESTAURATION COMMERCIALE - EMATLY.FORMATION","robots":{"index":"index","follow":"follow","max-snippet":"max-snippet:-1","max-image-preview":"max-image-preview:large","max-video-preview":"max-video-preview:-1"},"canonical":"https:\/\/ematlyformation.fr\/index.php\/elementor-840\/","og_locale":"fr_FR","og_type":"article","og_title":"HYGIENE EN RESTAURATION COMMERCIALE - EMATLY.FORMATION","og_description":"FORMATION EN HYGI\u00c8NE ALIMENTAIRE EN RESTAURATION COMMERCIALEDur\u00e9e 14h dont 4h en pr\u00e9sentiel minimum OBJECTIF: Cette formation doit permettre aux salari\u00e9s [&hellip;]","og_url":"https:\/\/ematlyformation.fr\/index.php\/elementor-840\/","og_site_name":"EMATLY.FORMATION","article_publisher":"https:\/\/www.facebook.com\/profile.php?id=61555199862279&locale=fr_FR","article_modified_time":"2026-01-23T11:35:40+00:00","twitter_card":"summary_large_image","twitter_misc":{"Dur\u00e9e de lecture estim\u00e9e":"3 minutes"},"schema":{"@context":"https:\/\/schema.org","@graph":[{"@type":"WebPage","@id":"https:\/\/ematlyformation.fr\/index.php\/elementor-840\/","url":"https:\/\/ematlyformation.fr\/index.php\/elementor-840\/","name":"HYGIENE EN RESTAURATION COMMERCIALE - EMATLY.FORMATION","isPartOf":{"@id":"https:\/\/ematlyformation.fr\/#website"},"datePublished":"2026-01-23T11:28:18+00:00","dateModified":"2026-01-23T11:35:40+00:00","breadcrumb":{"@id":"https:\/\/ematlyformation.fr\/index.php\/elementor-840\/#breadcrumb"},"inLanguage":"fr-FR","potentialAction":[{"@type":"ReadAction","target":["https:\/\/ematlyformation.fr\/index.php\/elementor-840\/"]}]},{"@type":"BreadcrumbList","@id":"https:\/\/ematlyformation.fr\/index.php\/elementor-840\/#breadcrumb","itemListElement":[{"@type":"ListItem","position":1,"name":"Accueil","item":"https:\/\/ematlyformation.fr\/"},{"@type":"ListItem","position":2,"name":"HYGIENE EN RESTAURATION COMMERCIALE"}]},{"@type":"WebSite","@id":"https:\/\/ematlyformation.fr\/#website","url":"https:\/\/ematlyformation.fr\/","name":"ematlyformation.fr","description":"Formation CAP AEPE Petite Enfance et CQP Barmaid\/Barman","publisher":{"@id":"https:\/\/ematlyformation.fr\/#organization"},"potentialAction":[{"@type":"SearchAction","target":{"@type":"EntryPoint","urlTemplate":"https:\/\/ematlyformation.fr\/?s={search_term_string}"},"query-input":{"@type":"PropertyValueSpecification","valueRequired":true,"valueName":"search_term_string"}}],"inLanguage":"fr-FR"},{"@type":"Organization","@id":"https:\/\/ematlyformation.fr\/#organization","name":"ematlyformation.fr","url":"https:\/\/ematlyformation.fr\/","logo":{"@type":"ImageObject","inLanguage":"fr-FR","@id":"https:\/\/ematlyformation.fr\/#\/schema\/logo\/image\/","url":"https:\/\/ematlyformation.fr\/wp-content\/uploads\/2024\/02\/LOGOCARRE.png","contentUrl":"https:\/\/ematlyformation.fr\/wp-content\/uploads\/2024\/02\/LOGOCARRE.png","width":182,"height":183,"caption":"ematlyformation.fr"},"image":{"@id":"https:\/\/ematlyformation.fr\/#\/schema\/logo\/image\/"},"sameAs":["https:\/\/www.facebook.com\/profile.php?id=61555199862279&locale=fr_FR","https:\/\/www.instagram.com\/ematly.formation\/"]}]}},"_links":{"self":[{"href":"https:\/\/ematlyformation.fr\/index.php\/wp-json\/wp\/v2\/pages\/840","targetHints":{"allow":["GET"]}}],"collection":[{"href":"https:\/\/ematlyformation.fr\/index.php\/wp-json\/wp\/v2\/pages"}],"about":[{"href":"https:\/\/ematlyformation.fr\/index.php\/wp-json\/wp\/v2\/types\/page"}],"author":[{"embeddable":true,"href":"https:\/\/ematlyformation.fr\/index.php\/wp-json\/wp\/v2\/users\/1"}],"replies":[{"embeddable":true,"href":"https:\/\/ematlyformation.fr\/index.php\/wp-json\/wp\/v2\/comments?post=840"}],"version-history":[{"count":8,"href":"https:\/\/ematlyformation.fr\/index.php\/wp-json\/wp\/v2\/pages\/840\/revisions"}],"predecessor-version":[{"id":850,"href":"https:\/\/ematlyformation.fr\/index.php\/wp-json\/wp\/v2\/pages\/840\/revisions\/850"}],"wp:attachment":[{"href":"https:\/\/ematlyformation.fr\/index.php\/wp-json\/wp\/v2\/media?parent=840"}],"curies":[{"name":"wp","href":"https:\/\/api.w.org\/{rel}","templated":true}]}}